 h be (0 - 0 - -1)/((-4)/(-12)). Let v be 18/(-1 + 2) - h. What is the highest common factor of z and v?
3
Let b = -84 + 70. Let h be 40/(-14) + ((-16)/b)/(-8). Let v be (h + 22/(-6))/((-4)/6). Calculate the highest common factor of 4 and v.
2
Let x(q) = 2*q**2 - 197*q - 4094. Let w be x(-43). Calculate the highest common factor of 17 and w.
17
Let c = -11 - -15. Suppose x = -g - c, -3*x = -4*g + 9 + 3. Suppose -487 = -5*y + 2*z, g = -y - 0*z + z + 95. Calculate the greatest common factor of y and 11.
11
Suppose 7*g = 9*g - 10. Suppose -g*v + 2*w + 274 = 0, -4*v + 11 = -4*w - 201. Calculate the highest common divisor of 112 and v.
56
Let m(x) = -2315*x + 3*x**2 - 2*x**2 + 2303*x + 40. Let g be m(6). Let r = 24 - g. What is the greatest common factor of r and 60?
20
Let q be 30/105 + ((-424)/(-7))/(-2). Let p = q + 58. Let b be (3 - (-27)/(-6))*p/(-3). Calculate the greatest common factor of 154 and b.
14
Suppose 13 + 8 = 7*m. Suppose 66 = 6*i - m*i. What is the greatest common divisor of i and 11?
11
Suppose 46*g - 17*g - 144 = 25*g. What is the highest common factor of g and 2064?
12
Let g(a) = -11 + 41 - 19*a + 48 + 13. Let d be g(-8). What is the highest common divisor of 9 and d?
9
Let x be 290/(-15) + 1/3. Let a = x + 26. Suppose 17 = 3*f - a. Calculate the greatest common divisor of f and 72.
8
Let k = 0 + 1. Suppose 2*l = -3*j + 255 - 266, -5*j = 5*l + 15. What is the highest common divisor of k and l?
1
Let a(z) = 26*z**3 + z**2 - 2*z + 1. Let r be a(1). Let d = 35717 - 35574. Calculate the highest common divisor of d and r.
13
Let u = 640 - 318. Suppose -1579*b + 17216 + 53545 = -1873. Calculate the highest common factor of b and u.
46
Suppose -17*o + 67730 = -170746. Calculate the highest common factor of o and 168.
84
Let q = 10301 - 9701. Calculate the highest common divisor of q and 975.
75
Let y be (77/15 + 13/(-39))*(-555)/(-6). Calculate the highest common factor of 1961 and y.
37
Suppose 0 = -c + 3*l + 6, -23*l + 66 = 5*c - 26*l. Calculate the highest common factor of c and 2625.
15
Suppose t - 58 = -2*p, -p - 89*t + 23 = -87*t. What is the greatest common divisor of p and 2759?
31
Let z(b) = -4*b**3 - 6*b**2 + 104*b + 700. Let t be z(-7). Calculate the greatest common factor of t and 25.
25
Suppose -837407 = -218*l + 1149387 + 106006. Calculate the highest common divisor of 75 and l.
75
Suppose -2351 - 41118 = 17*j. Let q = j + 3841. Calculate the greatest common divisor of 12 and q.
12
Suppose -3*w - 10609 = -5*t, -6*w + 8498 = 4*t - 3*w. What is the highest common factor of t and 99?
11
Let d(b) = b**2 + 33*b + 59. Let o be d(-25). Let f = o + 143. Calculate the highest common factor of 2 and f.
2
Let h = 595 - 307. Let r = h + -190. Calculate the highest common divisor of r and 28.
14
Let m be 1900/(-152)*-1*(2 + 14). What is the greatest common factor of m and 50?
50
Let o be 2/(-3 + 1) + 5. Let m = 140 - 124. Suppose -13*i + m = -9*i. What is the greatest common divisor of i and o?
4
Suppose 6*o - 9 - 21 = 0. Let k(b) = -b + 3 - o - 2*b + 4*b. Let t be k(6). Calculate the highest common factor of t and 10.
2
Suppose -x + 19 = -3*o + 4*x, -28 = -4*o - 4*x. Suppose 0 = -u - i + 357, -1794 = -15*u + 10*u - o*i. What is the greatest common divisor of u and 216?
72
Suppose 33 = a - 5. Let l = a + 310. What is the greatest common factor of l and 12?
12
Let w(s) = -s**3 - s**2 - 5. Let o be w(-3). Let a(k) = 7*k - 55. Let t be a(o). What is the highest common divisor of 12 and t?
12
Suppose -2*z - 34 = 4*w + 34, 4*z + 160 = 4*w. Let s be (-2 + 5)/((-3)/2)*z. What is the highest common divisor of s and 684?
76
Suppose -12*w + 1852 = 1780. What is the greatest common factor of 2517 and w?
3
Let j = 350 + -356. Let w be ((-2 - -3) + 4)/(j/(-12)). What is the greatest common divisor of w and 90?
10
Let j(g) = 252*g + 35. Let q be j(1). What is the highest common divisor of 164 and q?
41
Let a be (0 - 7) + 60/(-5) + 8787. Calculate the highest common divisor of a and 32.
32
Let n be (16626/12551 - (-2)/(-11))*427. What is the highest common divisor of n and 360?
8
Suppose -1044 = 8*t - 6*t. Let f be ((-20)/3)/(29/t). Calculate the highest common divisor of 48 and f.
24
Suppose -n = -2*a + 247, 2*a + 0*a + 3*n - 227 = 0. What is the highest common factor of 22 and a?
11
Suppose 0 = -2*s - 3*y - 333, 620 = -3*s - 5*y + 120. Let r be 180/22 + 10/s*3. What is the greatest common factor of r and 20?
4
Suppose 30231*q + 4400 = 30242*q. Calculate the highest common factor of 650 and q.
50
Let s be (5 - (-2 + 3 - -2)) + 0. Suppose -3*m = -s*y + 193, -2*y + m - 99 = -3*y. What is the highest common factor of 28 and y?
14
Suppose -2*b = 16*j - 12*j - 46, 5*b + 3*j - 87 = 0. Let z(d) = d**3 - 11*d**2 + d - 9. Let p be z(11). What is the highest common factor of p and b?
1
Suppose -11033 = 124*h - 141*h. Let q = -537 + h. Calculate the greatest common divisor of 80 and q.
16
Let b be (-36)/48 + (-1283)/(-4). Let n = b + -232. Suppose 2*a - 11 = 11. What is the highest common divisor of a and n?
11
Suppose 0 = -3*a - 4*s + 794, 1128*s + 1338 = 5*a + 1131*s. What is the highest common factor of 81 and a?
27
Let v be (-7)/1*-1 + -2. Suppose -750 = -v*d + j, 2*d - 2*j + 163 = 455. Suppose -259 = -3*w - d. What is the highest common factor of w and 144?
36
Suppose 9 = 2*p + o, -4*p = 2*o + 3*o - 27. Suppose 2*r + 3*g = 7, -p = -2*r + r - g. Suppose -4*j - r*j = -42. Calculate the highest common factor of 21 and j.
7
Let y be ((-1)/(-2)*(-2)/(-1))/(6/552). Calculate the highest common divisor of 17572 and y.
92
Let p(i) = 74*i**3 + 6*i**2 - 6*i - 4. Let o be p(3). Suppose 470 - o = -12*c. Calculate the greatest common divisor of 13 and c.
13
Suppose 5*v - 2*w + 0 = 46, -6 = -3*w. Let h = 9 - 6. Suppose -h*q + 340 + 140 = 0. Calculate the highest common factor of v and q.
10
Let m be (24/14)/((-48)/(-168)). Let a be (-5 - -2)/(m - (-189)/(-28)). Calculate the greatest common divisor of 36 and a.
4
Let g = -42 - -81. Let x = 34 - g. Let m be -2 + (-107)/x + (-16)/40. Calculate the highest common divisor of 209 and m.
19
Let r be 47/188 + 9779/4 + 0. Suppose -168 + r = 9*c. What is the highest common factor of c and 11?
11
Suppose 3*g = n - 117, -3*g - 552 - 21 = -5*n. Suppose -3*i - o + 166 + 5 = 0, -2*i = -3*o - n. Calculate the highest common factor of i and 19.
19
Suppose 2*o = -o + 234. Let p = -43479 + 43687. What is the greatest common factor of o and p?
26
Let l be ((-13041)/14)/((-3)/6). What is the highest common divisor of 69 and l?
69
Let a be (-12 + 16)/44 - (-5983)/11. What is the highest common factor of a and 32?
32
Let s = -236 + 133. Let f = 335 - 413. Let m = f - s. What is the greatest common factor of m and 5?
5
Suppose 11*y = -y + 36. Suppose 3*n = y*r, n - 10 = -5*r + 2. Suppose -h + 3 + 0 = 0. What is the highest common factor of h and r?
1
Suppose -211*i = -227*i + 96. Let x(q) = 8*q + 4. Let s(f) = f. Let y(k) = -6*s(k) - x(k). Let o be y(-5). What is the greatest common divisor of o and i?
6
Let q(u) = u**2 - 4*u - 31. Suppose -12*y + 2*y - 40 = 0. Let g be q(y). Suppose f - 21 = -2*f. Calculate the highest common factor of f and g.
1
Let h(r) be the second derivative of r**4/2 - r**3/2 + 22*r**2 + 258*r. Let o be h(-5). What is the greatest common factor of 57 and o?
19
Let k(h) = -33*h + 2679. Let b be k(79). Calculate the highest common divisor of 1416 and b.
24
Let c = -251 - -430. Let p = c - 74. Let l be 3/(-9) + 254/6. What is the highest common factor of l and p?
21
Let s be (3122/(-4237))/((-2)/19). Let r = 354 + -203. Suppose -25 = 2*w - r. Calculate the greatest common factor of w and s.
7
Let g(y) = -y**2 - 8*y + 7. Let f be g(-6). Suppose -3*t = o - 20, -4*o + 99 = -2*t + f. Calculate the highest common factor of o and 300.
20
Let j = 13911 + -13896. Calculate the greatest common divisor of j and 1401.
3
Let k(v) = -75*v + 1584. Let j be k(21). Calculate the greatest common factor of 459 and j.
9
Suppose -9 = -b - 9. Suppose b = 12*z - 14*z + 154. Let n = 5 + 6. Calculate the highest common divisor of n and z.
11
Suppose -2*c + 2 + 4 = 0. Suppose 2*p + 76 - 105 = -5*i, 5*p + 15 = 5*i. Calculate the highest common factor of c and p.
1
Let t be 136 + (1 + 2 + 1 - 7). Suppose 49 = 12*n + t. Let r = n - -232. Wha